t r(s) = 3*h(s) - 4*z(s). Let g be r(-12). What is the greatest common divisor of 12 and g?
12
Suppose 33 = 2*n - 363. What is the highest common factor of n and 18?
18
Suppose 0 = -7*m + 3*m + 88. What is the highest common factor of 4 and m?
2
Let z be 47/2 - (-1)/2. Suppose -4*k + 20 = d + 3*d, 3*d - 7 = -5*k. Suppose w = -5*u + z - d, 0 = -5*u + 10. What is the greatest common factor of 10 and w?
5
Suppose 66 = 2*n + 5*o, -2*n - 4*o - 59 = -3*n. Calculate the highest common factor of 344 and n.
43
Let p be (-7 + 3)*(-4 - (-3 + 4)). Calculate the highest common divisor of p and 180.
20
Suppose -4*n + 3*n = -36. Suppose -n = -3*q - q. Calculate the greatest common divisor of 36 and q.
9
Let i be (-110)/(-6) - 8/24. Let l = -80 - 28. Let w = 18 - l. Calculate the highest common divisor of i and w.
18
Let d = -76 - -98. Calculate the greatest common divisor of 88 and d.
22
Let n(c) = -2*c**3 - 4*c**2 + c + 2. Let y be n(-3). Calculate the highest common factor of 119 and y.
17
Let f(z) = -10*z**3 - z. Let d be f(-1). Calculate the greatest common factor of d and 11.
11
Let a = -160 + 240. Calculate the greatest common divisor of a and 10.
10
Let k(y) = -y**2 - 16*y + 5. Let o be k(-16). Suppose 17 = 3*z - o*b, -15 = -8*b + 5*b. Calculate the greatest common divisor of 56 and z.
14
Let y = -14 - -10. Let n be (24/6)/(y/(-14)). Let x = 69 - 13. Calculate the highest common divisor of x and n.
14
Let c be (4/(-6))/(2/(-957)). What is the highest common factor of c and 29?
29
Suppose 0 = -a - 0*a - 12. Let p be (-18)/(-8) + 3/a. Let z = p - -18. What is the highest common factor of 20 and z?
20
Suppose 5*q = 4*q + 4, q - 24 = -4*k. Suppose 3*y - 115 = 20. What is the highest common factor of y and k?
5
Let m(b) = -4 + b + 4*b**3 + 4*b**3 - 2*b**2 - 2*b**3 - 7*b**3. Let o be m(-3). Suppose 0*l = -o*l + 20. What is the highest common divisor of 4 and l?
2
Let n be -2 - (-2 + -20)/2. Suppose 11*a - 3 = 10*a. What is the highest common factor of a and n?
3
Suppose -5*t = -z + 36 + 26, -3*t + 9 = 0. Suppose -9*j + 42 = -7*j. Let a = j - 10. Calculate the greatest common factor of z and a.
11
Suppose 347 = 10*q - 353. Let s be -1 + 12*(-2)/2. Let x = -6 - s. Calculate the highest common factor of x and q.
7
Let i(y) = -y**3 + 9*y**2 - 3*y + 2. Let b be i(8). What is the highest common factor of b and 105?
21
Let p be 6461/42 + 2/12. Calculate the highest common factor of p and 22.
22
Suppose -4*i = -4*l + 512, -l - 2*i = -124 + 2. Suppose 0 = 2*b - 4*b + l. Calculate the highest common factor of 9 and b.
9
Suppose -3*j + 20 = 4*x, 2*x - 20 = 4*j - 2*x. Suppose -2*d - 8 + 56 = j. Calculate the highest common divisor of 6 and d.
6
Suppose 62 = -4*r + 650. Let n = -10 - -18. Suppose 2*y - 3*v - n = 22, 46 = 2*y + v. What is the greatest common divisor of y and r?
21
Suppose 2*r = -1 - 19. Let o be (-2 + 1)/(r/210). Calculate the highest common divisor of 63 and o.
21
Let k(s) = s**3 + 5*s**2 - 3*s + 8. Let b = -8 + 2. Let l be k(b). Let d = l + 21. What is the greatest common divisor of d and 22?
11
Suppose 2*a + 8 = -2*a. Suppose 4*m = 4*j + 3 - 23, -m - 29 = -5*j. Let v be j*-3*1/a. Calculate the highest common divisor of 27 and v.
9
Suppose 50 = 2*v - 4*y - 10, -5*v + 175 = -5*y. Calculate the greatest common divisor of v and 200.
40
Let c(r) = -2*r**3 - 15*r**2 - 8*r - 8. Let w be c(-8). Let n(x) = -9*x - 2. Let f be n(-3). Let p = f + -10. What is the greatest common divisor of w and p?
15
Let n(s) = -4*s - 4. Let y be n(-4). Suppose -o + y = 3*o. What is the highest common factor of o and 15?
3
Let t(l) = 7*l**2 + l + 4. Let f be t(-3). Suppose 0*k = -4*k + 32. What is the greatest common divisor of k and f?
8
Suppose 0 = -0*s - s + 8. Suppose -17*j + 194 + 1030 = 0. What is the highest common divisor of j and s?
8
Let r = -3 - -11. What is the greatest common factor of r and 64?
8
Suppose 0 = p - 4*p + 45. Let c be 27/5 - 4/10. Calculate the greatest common factor of c and p.
5
Suppose -3*v + 269 = 17. Suppose -2*u = -5*u + v. Let p be -3*(u/(-6) - 2). Calculate the highest common divisor of p and 30.
10
Let q be ((-1)/(-1))/(2/26). Let z(m) = -m**3 - 3*m**2 + 6*m - 7. Let g be z(-6). Let k = g - -52. What is the highest common factor of q and k?
13
Suppose -4*t - p = -63, -5*t + 3*p + 44 + 39 = 0. What is the highest common divisor of 128 and t?
16
Suppose 0 = 5*g + h - 12, 2*g = 3*h + h - 4. Let i be (4 - 6)*(-13)/g. Calculate the greatest common divisor of 143 and i.
13
Let x = -41 + 53. Suppose -4*d + 333 = r, -5*r = -0*r + 15. Calculate the greatest common divisor of d and x.
12
Let t = -29 - -21. Let k be 270/14 - t/(-28). Calculate the highest common factor of 133 and k.
19
Let j(p) = -p**3 + 5*p**2 + p - 1. Let i be j(5). What is the highest common factor of i and 44?
4
Let f(w) = w**3 + 4*w**2 + 3*w. Let v be f(-2). Suppose 0 = -v*s - 0*s + 22. Suppose s + 11 = b. Calculate the highest common divisor of b and 11.
11
Let m = -82 + 88. Calculate the highest common divisor of m and 9.
3
Let o be (-1*3)/3 - -3. Let q be 28*(o/1 - 1). Let p be -63*((-56)/12)/7. Calculate the greatest common factor of q and p.
14
Let f(z) = 80*z**2. Suppose 3*m - 9 - 6 = 0. Suppose 0*d + 5*d - m = 0. Let p be f(d). Calculate the greatest common factor of 10 and p.
10
Suppose -4*d = s - 3*s - 22, 0 = -3*d + s + 14. Suppose 4*z - 1 = d. What is the greatest common divisor of 8 and z?
1
Let k be (46/8)/(6/24). Suppose -3*p = -0*a - a - k, -2*a = 10. What is the highest common factor of 60 and p?
6
Let i be (-1)/((-3)/42*2). Let m(l) = 34*l - 3. Let y be m(4). Let p = -77 + y. Calculate the highest common divisor of p and i.
7
Let h be 7 - (-3 - (-5)/1). Suppose -5*x = 4*j - 49, -h*j + x + 25 = -0. Calculate the greatest common factor of j and 24.
6
Suppose -b = 4*z - 1293 - 245, 4 = -2*b. Calculate the highest common factor of z and 35.
35
Suppose 5*w = 2*f - f - 12, 4*f - 48 = -4*w. Suppose -2*l + l = -f. Let c be (6/(-4))/(l/(-112)). Calculate the greatest common factor of c and 21.
7
Let a be (-2)/7 - (-33)/(-7). Let f(p) = -8*p - 4. Let w be f(a). Let m = -15 + w. What is the highest common factor of 21 and m?
21
Let r(b) = b**2 - 8*b + 8. Let f be r(7). Suppose 2*d = -d + 6. Let p be 5 + f + -2 + d. Calculate the highest common divisor of 9 and p.
3
Suppose -4*p + 39 = -25. Suppose 0 = 3*d + 3 - 15. What is the highest common divisor of d and p?
4
Let v be (-12)/54 - (-146)/9. What is the highest common factor of v and 112?
16
Let f be (18 - 3)/1 - 4. What is the highest common factor of 121 and f?
11
Suppose 2*u - 22 = -2*a, -2*a + 7*a + 3*u - 45 = 0. Suppose a*f - 5*f - 3 = 0. What is the highest common divisor of 3 and f?
3
Let q(b) = -b**2 - 7*b - 2. Let d be q(-7). Let x be -3 + 429/(-6)*d. Calculate the highest common divisor of x and 20.
20
Suppose 0 = 2*m + 2, 0 = c + c + 4*m - 2. Suppose 5*l - c = 22. Let h = l - 1. What is the highest common divisor of 4 and h?
4
Let n = -18 + 19. Let c be 0 + -4 - n*-16. Suppose -5*v - 97 + 349 = 4*y, -y = -3. Calculate the greatest common factor of v and c.
12
Suppose -z + 3*w - 12 = 0, -5*z - 5*w = -13 - 7. Let c be (0 + 4)*(27 + z). Calculate the highest common factor of 12 and c.
12
Let d(b) = -6*b + 10. Let q(i) = i - 1. Let h(m) = d(m) + 8*q(m). Let g be h(2). What is the greatest common factor of g and 6?
6
Let y = 56 - 23. Suppose -4*b - 5*g = -40, 6*b + 2*g - y = b. Suppose 90 = 3*k - 4*l + l, 0 = -b*k + 4*l + 146. What is the greatest common factor of k and 13?
13
Let d(t) = 0 - 4*t**2 + t**3 + 1 + 3*t + 0*t - t. Let a be d(4). What is the greatest common divisor of a and 1?
1
Let g be -3 - (0 - 0 - 3). Suppose 0*r + r - 60 = g. What is the greatest common divisor of r and 24?
12
Suppose 3*j - 4*v - 221 = 0, 0 = 4*j - 5*v - 307 + 11. Let d be j/4 + (-2)/(-8). Let r be (-7)/((-1)/1) + 1. What is the highest common divisor of r and d?
4
Let b be 3 - (-30 - 2 - (-2 - 1)). Calculate the highest common divisor of 24 and b.
8
Suppose -l - 4 = 3*l, 4*v = -2*l + 298. Suppose 0 = 3*x + 3*q - 75, 0*q - 2*q = -5*x + 160. Calculate the greatest common factor of x and v.
15
Let k = 205 - 57. Calculate the highest common divisor of k and 37.
37
Suppose r = -d - 1, 2*d + 10 = -4*r + 4. Calculate the greatest common d